{"id":2,"date":"2020-12-14T13:07:39","date_gmt":"2020-12-14T13:07:39","guid":{"rendered":"https:\/\/confiterialamacarena.com\/koLmK\/?page_id=2"},"modified":"2021-03-02T15:24:05","modified_gmt":"2021-03-02T15:24:05","slug":"sample-page","status":"publish","type":"page","link":"https:\/\/confiterialamacarena.com\/koLmK\/","title":{"rendered":"Mucho gusto!!"},"content":{"rendered":"<body><p><span class=\"capital\">E<\/span><span class=\"medianitos\"><em>s un placer contactarnos con usted a trav\u00e9s de este medio. Y cuando de hablar de gustos se trata, estamos a sus gratas ordenes.<\/em><\/span><\/p>\n<blockquote><p><span class=\"capital\"><strong>M\u00e1s que gusto, sabor.<\/strong><\/span><\/p><\/blockquote>\n<p><span class=\"capital\">E<\/span><em>l sabor de m\u00e1s de 50 a\u00f1os de tradici\u00f3n que avalan nuestros servicios.<\/em><br>\n<em><br>\n<\/em><span class=\"capital\"><em>C<\/em><\/span><span class=\"medianitos\"><em>onfiter\u00eda <strong>La Macarena<\/strong> ha sido fiel testigo del paso de generaciones que festejaron junto a nosotros sus m\u00e1s intimos acontecimientos. <\/em>C<em>asamientos, 15 a\u00f1os, bautismos y reuniones. Calidad y calid\u00e9z en cada peque\u00f1o detalle.<\/em><br>\n<\/span><\/p>\n<p><em><span class=\"capital\">P<\/span>orque conocemos y compartimos las expectativas de nuestros uruguayos. <\/em><em>Cada fiesta es especial, por eso, nuestro cliente tiene la total seguridad de disfrutarla como un invitado m\u00e1s.<\/em><\/p>\n<p><span class=\"capital\">L<\/span>o invitamos a compartir el placer de un momento inigualable, sin preocupaciones.<br>\n<span class=\"medianitos\">C<\/span>ons\u00faltenos, tenemos soluciones a su medida.<\/p>\n<p style=\"text-align: center;\"><span class=\"medianitos\"><br>\n<\/span><span class=\"capital\">Confiter\u00eda La Macarena, el gusto de la tradici\u00f3n. <\/span><\/p>\n<p>\u00a0<\/p>\n<\/body>","protected":false},"excerpt":{"rendered":"<p>Es un placer contactarnos con usted a trav\u00e9s de este medio. Y cuando de hablar de gustos se trata, estamos a sus gratas ordenes. M\u00e1s que gusto, sabor. El sabor de m\u00e1s de 50 a\u00f1os de tradici\u00f3n que avalan nuestros servicios. Confiter\u00eda La Macarena ha sido fiel testigo del paso de generaciones que festejaron junto [&hellip;]<\/p>\n","protected":false},"author":1,"featured_media":300,"parent":0,"menu_order":0,"comment_status":"closed","ping_status":"open","template":"","meta":{"pagelayer_contact_templates":[],"_pagelayer_content":"","footnotes":""},"class_list":["post-2","page","type-page","status-publish","has-post-thumbnail","hentry"],"_links":{"self":[{"href":"https:\/\/confiterialamacarena.com\/koLmK\/wp-json\/wp\/v2\/pages\/2","targetHints":{"allow":["GET"]}}],"collection":[{"href":"https:\/\/confiterialamacarena.com\/koLmK\/wp-json\/wp\/v2\/pages"}],"about":[{"href":"https:\/\/confiterialamacarena.com\/koLmK\/wp-json\/wp\/v2\/types\/page"}],"author":[{"embeddable":true,"href":"https:\/\/confiterialamacarena.com\/koLmK\/wp-json\/wp\/v2\/users\/1"}],"replies":[{"embeddable":true,"href":"https:\/\/confiterialamacarena.com\/koLmK\/wp-json\/wp\/v2\/comments?post=2"}],"version-history":[{"count":10,"href":"https:\/\/confiterialamacarena.com\/koLmK\/wp-json\/wp\/v2\/pages\/2\/revisions"}],"predecessor-version":[{"id":100,"href":"https:\/\/confiterialamacarena.com\/koLmK\/wp-json\/wp\/v2\/pages\/2\/revisions\/100"}],"wp:featuredmedia":[{"embeddable":true,"href":"https:\/\/confiterialamacarena.com\/koLmK\/wp-json\/wp\/v2\/media\/300"}],"wp:attachment":[{"href":"https:\/\/confiterialamacarena.com\/koLmK\/wp-json\/wp\/v2\/media?parent=2"}],"curies":[{"name":"wp","href":"https:\/\/api.w.org\/{rel}","templated":true}]}}

<body><p><span class="capital">E</span><span class="medianitos"><em>s un placer contactarnos con usted a través de este medio. Y cuando de hablar de gustos se trata, estamos a sus gratas ordenes.</em></span></p>
<blockquote><p><span class="capital"><strong>Más que gusto, sabor.</strong></span></p></blockquote>
<p><span class="capital">E</span><em>l sabor de más de 50 años de tradición que avalan nuestros servicios.</em><br>
<em><br>
</em><span class="capital"><em>C</em></span><span class="medianitos"><em>onfitería <strong>La Macarena</strong> ha sido fiel testigo del paso de generaciones que festejaron junto a nosotros sus más intimos acontecimientos. </em>C<em>asamientos, 15 años, bautismos y reuniones. Calidad y calidéz en cada pequeño detalle.</em><br>
</span></p>
<p><em><span class="capital">P</span>orque conocemos y compartimos las expectativas de nuestros uruguayos. </em><em>Cada fiesta es especial, por eso, nuestro cliente tiene la total seguridad de disfrutarla como un invitado más.</em></p>
<p><span class="capital">L</span>o invitamos a compartir el placer de un momento inigualable, sin preocupaciones.<br>
<span class="medianitos">C</span>onsúltenos, tenemos soluciones a su medida.</p>
<p style="text-align: center;"><span class="medianitos"><br>
</span><span class="capital">Confitería La Macarena, el gusto de la tradición. </span></p>
<p> </p>
</body>

<p>Es un placer contactarnos con usted a través de este medio. Y cuando de hablar de gustos se trata, estamos a sus gratas ordenes. Más que gusto, sabor. El sabor de más de 50 años de tradición que avalan nuestros servicios. Confitería La Macarena ha sido fiel testigo del paso de generaciones que festejaron junto [&hellip;]</p>
